What are the prime factors of 46587557?
263, 307, 577
List the prime factors of 1395435659.
29, 367, 131113
List the prime factors of 6545284.
2, 131, 12491
What are the prime factors of 2781082783?
6421, 433123
List the prime factors of 1641635634.
2, 3, 17, 16094467
List the prime factors of 58022890.
2, 5, 107, 211, 257
List the prime factors of 185068260.
2, 3, 5, 13, 41, 643
List the prime factors of 59385335.
5, 17, 431, 1621
List the prime factors of 3306753.
3, 461, 797
List the prime factors of 234110556.
2, 3, 1481, 4391
List the prime factors of 649039950.
2, 3, 5, 13, 110947
What are the prime factors of 3258700196?
2, 151, 5395199
List the prime factors of 1154155628.
2, 288538907
List the prime factors of 1931742964.
2, 482935741
List the prime factors of 599365618.
2, 299682809
List the prime factors of 1493308674.
2, 3, 11, 13, 4057
What are the prime factors of 1371336407?
7, 2137, 91673
What are the prime factors of 286888931?
7, 41, 999613
List the prime factors of 9776715.
3, 5, 13, 181, 277
What are the prime factors of 4105963012?
2, 17, 60381809
List the prime factors of 3639188182.
2, 7, 167, 227, 6857
List the prime factors of 121232695.
5, 17, 41, 43, 809
What are the prime factors of 119561325?
3, 5, 13, 149, 823
What are the prime factors of 288382700?
2, 5, 2883827
List the prime factors of 63810818.
2, 193, 165313
List the prime factors of 456147498.
2, 3, 2153, 35311
What are the prime factors of 78161265?
3, 5, 7, 13, 19087
What are the prime factors of 19898650?
2, 5, 397973
What are the prime factors of 8390174067?
3, 11, 17, 4985249
List the prime factors of 49220511.
3, 29, 149, 3797
What are the prime factors of 362384159?
23, 15755833
What are the prime factors of 934690420?
2, 5, 46734521
List the prime factors of 62434528.
2, 13, 150083
What are the prime factors of 20991354?
2, 3, 3498559
What are the prime factors of 23247605?
5, 4649521
List the prime factors of 218424467.
251, 3467
What are the prime factors of 75315312?
2, 3, 313, 557
What are the prime factors of 1413319377?
3, 37, 89, 143063
List the prime factors of 332055540.
2, 3, 5, 59, 31267
What are the prime factors of 372341041?
4421, 84221
What are the prime factors of 86810591?
7, 2969, 4177
List the prime factors of 22755131.
7, 149, 21817
What are the prime factors of 255339530?
2, 5, 3607, 7079
List the prime factors of 1876783903.
983, 1909241
What are the prime factors of 53106306?
2, 3, 11, 467, 1723
What are the prime factors of 117458540?
2, 5, 5872927
List the prime factors of 107848442.
2, 13, 17, 31, 463
List the prime factors of 357330977.
357330977
What are the prime factors of 27178287?
3, 1327, 6827
What are the prime factors of 46407084?
2, 3, 3867257
What are the prime factors of 57922590?
2, 3, 5, 11, 175523
List the prime factors of 1279567654.
2, 19, 33672833
List the prime factors of 33139479.
3, 11046493
List the prime factors of 1327944644.
2, 13, 31, 823787
List the prime factors of 1107179979.
3, 369059993
What are the prime factors of 260611334?
2, 19, 41, 47, 3559
What are the prime factors of 666089703?
3, 24669989
List the prime factors of 75123554.
2, 11, 3414707
What are the prime factors of 722057874?
2, 3, 19, 149, 42509
List the prime factors of 100919258.
2, 11, 71, 64609
What are the prime factors of 13364203?
13364203
List the prime factors of 2187167325.
3, 5, 7, 47, 137, 647
What are the prime factors of 21876042?
2, 3, 17, 41, 5231
What are the prime factors of 177672433?
101, 1759133
What are the prime factors of 494949533?
13, 38073041
List the prime factors of 29250105.
3, 5, 43, 101, 449
What are the prime factors of 16944416?
2, 529513
List the prime factors of 850119000.
2, 3, 5, 17, 79, 211
What are the prime factors of 17630482?
2, 139, 63419
List the prime factors of 4870041.
3, 11, 17, 8681
What are the prime factors of 444258129?
3, 7, 21155149
What are the prime factors of 630998813?
23, 43, 101, 6317
List the prime factors of 74310572.
2, 7, 47, 56467
What are the prime factors of 1340444598?
2, 3, 211, 1058803
List the prime factors of 968921228.
2, 11, 1951, 11287
List the prime factors of 83913396.
2, 3, 7, 998969
List the prime factors of 4021690486.
2, 11, 457, 400009
What are the prime factors of 22318448?
2, 79, 17657
List the prime factors of 102752842.
2, 51376421
List the prime factors of 1507980961.
19, 643, 123433
What are the prime factors of 912471771?
3, 47, 6471431
List the prime factors of 5217809078.
2, 59, 44218721
List the prime factors of 2727405433.
277, 353, 27893
List the prime factors of 21746499.
3, 7248833
List the prime factors of 5468984935.
5, 53, 20637679
What are the prime factors of 468551107?
468551107
List the prime factors of 1477206311.
7, 211029473
List the prime factors of 87768926.
2, 7, 17, 239, 1543
What are the prime factors of 423219001?
71, 5960831
List the prime factors of 69742958.
2, 19, 233, 7877
List the prime factors of 79059352.
2, 71, 181, 769
List the prime factors of 313685622.
2, 3, 1936331
What are the prime factors of 896296540?
2, 5, 44814827
List the prime factors of 23928191.
7, 3418313
What are the prime factors of 92116302?
2, 3, 17, 757, 1193
What are the prime factors of 640497522?
2, 3, 7, 599, 3637
What are the prime factors of 604820695?
5, 31, 73, 53453
What are the prime factors of 36182861?
11, 13, 89, 2843
List the prime factors of 270391080.
2, 3, 5, 2253259
What are the prime factors of 1768387957?
7, 17, 83, 179041
List the prime factors of 35197803.
3, 17, 31, 41, 181
What are the prime factors of 41800095?
3, 5, 19, 48889
What are the prime factors of 7627420?
2, 5, 381371
What are the prime factors of 4001158611?
3, 14591, 30469
What are the prime factors of 2958358617?
3, 1031, 318823
What are the prime factors of 58981369?
547, 107827
What are the prime factors of 145849525?
5, 883, 6607
List the prime factors of 157419931.
277, 568303
List the prime factors of 566042210.
2, 5, 439, 128939
List the prime factors of 228542808.
2, 3, 13, 732509
What are the prime factors of 86244550?
2, 5, 7, 29, 293
What are the prime factors of 1505820?
2, 3, 5, 25097
List the prime factors of 520116632.
2, 7, 17, 546341
What are the prime factors of 474052664?
2, 59256583
List the prime factors of 505873733.
137, 337, 10957
List the prime factors of 2620701417.
3, 873567139
What are the prime factors of 174369451?
31, 5624821
List the prime factors of 51266662.
2, 17, 167, 9029
What are the prime factors of 188303645?
5, 17, 23, 61, 1579
What are the prime factors of 342214595?
5, 68442919
What are the prime factors of 1241054002?
2, 620527001
What are the prime factors of 116735571?
3, 59, 191, 1151
What are the prime factors of 229965737?
29, 1979, 4007
What are the prime factors of 2239846062?
2, 3, 373307677
What are the prime factors of 40527414?
2, 3, 43, 52361
List the prime factors of 1235063588.
2, 11, 28069627
What are the prime factors of 22017581?
149, 147769
What are the prime factors of 428184242?
2, 131, 1634291
List the prime factors of 2413385164.
2, 5563, 108457
What are the prime factors of 524652425?
5, 11, 23, 109, 761
List the prime factors of 581171016.
2, 3, 24215459
What are the prime factors of 213754486?
2, 11, 31, 28493
List the prime factors of 28774286.
2, 103, 139681
What are the prime factors of 34946053?
1759, 19867
List the prime factors of 1845460462.
2, 19, 67, 724847
What are the prime factors of 44670839?
44670839
What are the prime factors of 419066827?
151, 2775277
What are the prime factors of 2714506880?
2, 5, 457, 9281
What are the prime factors of 3640180?
2, 5, 182009
What are the prime factors of 680118873?
3, 7, 4626659
List the prime factors of 427620525.
3, 5, 89, 64063
List the prime factors of 600492142.
2, 23, 13054177
What are the prime factors of 66830801?
23, 2905687
What are the prime factors of 112235135?
5, 22447027
List the prime factors of 161270387.
161270387
List the prime factors of 109064070.
2, 3, 5, 29, 4643
What are the prime factors of 719859772?
2, 179964943
What are the prime factors of 497742600?
2, 3, 5, 107, 7753
List the prime factors of 646579276.
2, 7, 31, 577, 1291
What are the prime factors of 546742971?
3, 60749219
What are the prime factor